{"id":129,"date":"2018-08-27T12:16:33","date_gmt":"2018-08-27T12:16:33","guid":{"rendered":"https:\/\/ambitogestao.pt\/index.php\/services\/"},"modified":"2022-08-24T14:03:49","modified_gmt":"2022-08-24T14:03:49","slug":"contabilidade","status":"publish","type":"page","link":"https:\/\/ambitogestao.pt\/index.php\/contabilidade\/","title":{"rendered":"Contabilidade"},"content":{"rendered":"\t\t<div data-elementor-type=\"wp-post\" data-elementor-id=\"129\" class=\"elementor elementor-129\">\n\t\t\t\t\t\t\t\t\t<section class=\"elementor-section elementor-top-section elementor-element elementor-element-226bc03 elementor-section-content-middle elementor-section-boxed elementor-section-height-default elementor-section-height-default\" data-id=\"226bc03\" data-element_type=\"section\" data-settings=\"{&quot;background_background&quot;:&quot;classic&quot;}\">\n\t\t\t\t\t\t\t<div class=\"elementor-background-overlay\"><\/div>\n\t\t\t\t\t\t\t<div class=\"elementor-container elementor-column-gap-no\">\n\t\t\t\t\t<div class=\"elementor-column elementor-col-100 elementor-top-column elementor-element elementor-element-50d1d5b\" data-id=\"50d1d5b\" data-element_type=\"column\">\n\t\t\t<div class=\"elementor-widget-wrap elementor-element-populated\">\n\t\t\t\t\t\t\t\t<div class=\"elementor-element elementor-element-256d48a elementor-widget elementor-widget-heading\" data-id=\"256d48a\" data-element_type=\"widget\" data-widget_type=\"heading.default\">\n\t\t\t\t<div class=\"elementor-widget-container\">\n\t\t\t<style>\/*! elementor - v3.11.1 - 15-02-2023 *\/\n.elementor-heading-title{padding:0;margin:0;line-height:1}.elementor-widget-heading .elementor-heading-title[class*=elementor-size-]>a{color:inherit;font-size:inherit;line-height:inherit}.elementor-widget-heading .elementor-heading-title.elementor-size-small{font-size:15px}.elementor-widget-heading .elementor-heading-title.elementor-size-medium{font-size:19px}.elementor-widget-heading .elementor-heading-title.elementor-size-large{font-size:29px}.elementor-widget-heading .elementor-heading-title.elementor-size-xl{font-size:39px}.elementor-widget-heading .elementor-heading-title.elementor-size-xxl{font-size:59px}<\/style><h6 class=\"elementor-heading-title elementor-size-default\">SERVI\u00c7OS<\/h6>\t\t<\/div>\n\t\t\t\t<\/div>\n\t\t\t\t<div class=\"elementor-element elementor-element-8c0d8b6 elementor-widget elementor-widget-heading\" data-id=\"8c0d8b6\" data-element_type=\"widget\" data-widget_type=\"heading.default\">\n\t\t\t\t<div class=\"elementor-widget-container\">\n\t\t\t<h1 class=\"elementor-heading-title elementor-size-default\">contabilidade<\/h1>\t\t<\/div>\n\t\t\t\t<\/div>\n\t\t\t\t\t<\/div>\n\t\t<\/div>\n\t\t\t\t\t\t\t<\/div>\n\t\t<\/section>\n\t\t\t\t<section class=\"elementor-section elementor-top-section elementor-element elementor-element-df83d1b elementor-section-content-middle elementor-section-boxed elementor-section-height-default elementor-section-height-default\" data-id=\"df83d1b\" data-element_type=\"section\">\n\t\t\t\t\t\t<div class=\"elementor-container elementor-column-gap-no\">\n\t\t\t\t\t<div class=\"elementor-column elementor-col-50 elementor-top-column elementor-element elementor-element-ac3706f\" data-id=\"ac3706f\" data-element_type=\"column\" data-settings=\"{&quot;background_background&quot;:&quot;classic&quot;}\">\n\t\t\t<div class=\"elementor-widget-wrap elementor-element-populated\">\n\t\t\t\t\t<div class=\"elementor-background-overlay\"><\/div>\n\t\t\t\t\t\t\t\t<div class=\"elementor-element elementor-element-df1dcb5 elementor-widget elementor-widget-image\" data-id=\"df1dcb5\" data-element_type=\"widget\" data-widget_type=\"image.default\">\n\t\t\t\t<div class=\"elementor-widget-container\">\n\t\t\t<style>\/*! elementor - v3.11.1 - 15-02-2023 *\/\n.elementor-widget-image{text-align:center}.elementor-widget-image a{display:inline-block}.elementor-widget-image a img[src$=\".svg\"]{width:48px}.elementor-widget-image img{vertical-align:middle;display:inline-block}<\/style>\t\t\t\t\t\t\t\t\t\t\t\t<img loading=\"lazy\" decoding=\"async\" width=\"1280\" height=\"960\" src=\"https:\/\/ambitogestao.pt\/wp-content\/uploads\/2022\/08\/business-smartphone-communication-962310.jpg\" class=\"attachment-full size-full wp-image-861\" alt=\"business, smartphone, communication-962310.jpg\" srcset=\"https:\/\/ambitogestao.pt\/wp-content\/uploads\/2022\/08\/business-smartphone-communication-962310.jpg 1280w, https:\/\/ambitogestao.pt\/wp-content\/uploads\/2022\/08\/business-smartphone-communication-962310-300x225.jpg 300w, https:\/\/ambitogestao.pt\/wp-content\/uploads\/2022\/08\/business-smartphone-communication-962310-1024x768.jpg 1024w, https:\/\/ambitogestao.pt\/wp-content\/uploads\/2022\/08\/business-smartphone-communication-962310-768x576.jpg 768w\" sizes=\"auto, (max-width: 1280px) 100vw, 1280px\" \/>\t\t\t\t\t\t\t\t\t\t\t\t\t\t\t<\/div>\n\t\t\t\t<\/div>\n\t\t\t\t\t<\/div>\n\t\t<\/div>\n\t\t\t\t<div class=\"elementor-column elementor-col-50 elementor-top-column elementor-element elementor-element-9ea8eee\" data-id=\"9ea8eee\" data-element_type=\"column\">\n\t\t\t<div class=\"elementor-widget-wrap elementor-element-populated\">\n\t\t\t\t\t\t\t\t<div class=\"elementor-element elementor-element-355b616 elementor-widget elementor-widget-heading\" data-id=\"355b616\" data-element_type=\"widget\" data-widget_type=\"heading.default\">\n\t\t\t\t<div class=\"elementor-widget-container\">\n\t\t\t<h3 class=\"elementor-heading-title elementor-size-default\">Contabilidade &amp; Fiscalidade<\/h3>\t\t<\/div>\n\t\t\t\t<\/div>\n\t\t\t\t<div class=\"elementor-element elementor-element-eaf6088 elementor-widget elementor-widget-heading\" data-id=\"eaf6088\" data-element_type=\"widget\" data-widget_type=\"heading.default\">\n\t\t\t\t<div class=\"elementor-widget-container\">\n\t\t\t<h5 class=\"elementor-heading-title elementor-size-default\">Transformamos a contabilidade numa ferramenta de apoio \u00e0 gest\u00e3o!<\/h5>\t\t<\/div>\n\t\t\t\t<\/div>\n\t\t\t\t<div class=\"elementor-element elementor-element-73e5595 elementor-widget elementor-widget-text-editor\" data-id=\"73e5595\" data-element_type=\"widget\" data-widget_type=\"text-editor.default\">\n\t\t\t\t<div class=\"elementor-widget-container\">\n\t\t\t<style>\/*! elementor - v3.11.1 - 15-02-2023 *\/\n.elementor-widget-text-editor.elementor-drop-cap-view-stacked .elementor-drop-cap{background-color:#818a91;color:#fff}.elementor-widget-text-editor.elementor-drop-cap-view-framed .elementor-drop-cap{color:#818a91;border:3px solid;background-color:transparent}.elementor-widget-text-editor:not(.elementor-drop-cap-view-default) .elementor-drop-cap{margin-top:8px}.elementor-widget-text-editor:not(.elementor-drop-cap-view-default) .elementor-drop-cap-letter{width:1em;height:1em}.elementor-widget-text-editor .elementor-drop-cap{float:left;text-align:center;line-height:1;font-size:50px}.elementor-widget-text-editor .elementor-drop-cap-letter{display:inline-block}<\/style>\t\t\t\t<p>Temos por objetivo transformar a obrigatoriedade de ter contabilidade organizada, numa presta\u00e7\u00e3o de servi\u00e7os de valor acrescentado, para melhorar a gest\u00e3o do seu neg\u00f3cio e comprimir com as obriga\u00e7\u00f5es fiscais.<\/p><p>Prestamos servi\u00e7os de contabilidade a Empresas (IRC) e a Independentes (IRS), com ou sem contabilidade organizada.<\/p>\t\t\t\t\t\t<\/div>\n\t\t\t\t<\/div>\n\t\t\t\t<div class=\"elementor-element elementor-element-87b9683 elementor-widget elementor-widget-heading\" data-id=\"87b9683\" data-element_type=\"widget\" data-widget_type=\"heading.default\">\n\t\t\t\t<div class=\"elementor-widget-container\">\n\t\t\t<h5 class=\"elementor-heading-title elementor-size-default\"><span style=\"color: var(--ast-global-color-2); font-family: Poppins, sans-serif; font-size: 1.125rem; font-style: normal; font-weight: 700; text-transform: none; white-space: pre-wrap; text-align: left; background-color: var(--ast-global-color-4); display: inline !important; float: none;\">Prestamos os seguintes servi\u00e7os<\/span><\/h5>\t\t<\/div>\n\t\t\t\t<\/div>\n\t\t\t\t<div class=\"elementor-element elementor-element-90ea16c elementor-widget elementor-widget-text-editor\" data-id=\"90ea16c\" data-element_type=\"widget\" data-widget_type=\"text-editor.default\">\n\t\t\t\t<div class=\"elementor-widget-container\">\n\t\t\t\t\t\t\t<ul>\n<li>An\u00e1lise, prepara\u00e7\u00e3o e classifica\u00e7\u00e3o dos documentos<\/li>\n<li>Processamento inform\u00e1tico da contabilidade<\/li>\n<li>Reconcilia\u00e7\u00e3o banc\u00e1ria<\/li>\n<li>Confer\u00eancia de contas correntes de Clientes e Fornecedores<\/li>\n<li>Confer\u00eancia de compras a Fornecedores com portal eFatura<\/li>\n<li>Obriga\u00e7\u00f5es Fiscais (IVA, IRS, IRC, IS, PEC\/PPC)<\/li>\n<li>Comunica\u00e7\u00e3o mensal da fatura\u00e7\u00e3o \u00e0 Autoridade Tribut\u00e1ria (SAF-T)<\/li>\n<li>Reporting (An\u00e1lise Financeira, Mapas de Explora\u00e7\u00e3o, Extratos, Balancete Anal\u00edtico, Balan\u00e7o, DR)<\/li>\n<li>Consolida\u00e7\u00e3o de Contas<\/li>\n<li>Consultoria: respostas a solicita\u00e7\u00f5es e esclarecimentos<\/li>\n<li>Processo de encerramento: Balan\u00e7o, DR, apoio \u00e0 elabora\u00e7\u00e3o do Relat\u00f3rio de Gest\u00e3o, apoio \u00e0 elabora\u00e7\u00e3o da Ata de aprova\u00e7\u00e3o de contas, Consolida\u00e7\u00e3o de Contas Anual, Presta\u00e7\u00e3o de Contas \/ IES.<\/li>\n<\/ul>\t\t\t\t\t\t<\/div>\n\t\t\t\t<\/div>\n\t\t\t\t\t<\/div>\n\t\t<\/div>\n\t\t\t\t\t\t\t<\/div>\n\t\t<\/section>\n\t\t\t\t<section class=\"elementor-section elementor-top-section elementor-element elementor-element-7560303 elementor-section-content-middle elementor-section-boxed elementor-section-height-default elementor-section-height-default\" data-id=\"7560303\" data-element_type=\"section\">\n\t\t\t\t\t\t<div class=\"elementor-container elementor-column-gap-no\">\n\t\t\t\t\t<div class=\"elementor-column elementor-col-50 elementor-top-column elementor-element elementor-element-63fa1a4\" data-id=\"63fa1a4\" data-element_type=\"column\">\n\t\t\t<div class=\"elementor-widget-wrap elementor-element-populated\">\n\t\t\t\t\t\t\t\t<div class=\"elementor-element elementor-element-daa61d5 elementor-widget elementor-widget-heading\" data-id=\"daa61d5\" data-element_type=\"widget\" id=\"RH\" data-widget_type=\"heading.default\">\n\t\t\t\t<div class=\"elementor-widget-container\">\n\t\t\t<h3 class=\"elementor-heading-title elementor-size-default\"><span style=\"color: var(--ast-global-color-2); font-size: 2rem; background-color: var(--ast-global-color-4);\">Recursos Humanos<\/span><\/h3>\t\t<\/div>\n\t\t\t\t<\/div>\n\t\t\t\t<div class=\"elementor-element elementor-element-6276596 elementor-widget elementor-widget-heading\" data-id=\"6276596\" data-element_type=\"widget\" data-widget_type=\"heading.default\">\n\t\t\t\t<div class=\"elementor-widget-container\">\n\t\t\t<h5 class=\"elementor-heading-title elementor-size-default\"><span style=\"color: var(--ast-global-color-2); font-size: 1.125rem; background-color: var(--ast-global-color-4);\">Acompanhamos e simplificamos a gest\u00e3o dos Recursos Humanos!<\/span><\/h5>\t\t<\/div>\n\t\t\t\t<\/div>\n\t\t\t\t<div class=\"elementor-element elementor-element-66c8d5f elementor-widget elementor-widget-text-editor\" data-id=\"66c8d5f\" data-element_type=\"widget\" data-widget_type=\"text-editor.default\">\n\t\t\t\t<div class=\"elementor-widget-container\">\n\t\t\t\t\t\t\t<p>Temos por objetivo garantir que a sua empresa cumpra com todas as obriga\u00e7\u00f5es laborais, processa os seus sal\u00e1rios adequadamente e disp\u00f5e da informa\u00e7\u00e3o de gest\u00e3o relativa aos recursos humanos da sua empresa.<\/p>\t\t\t\t\t\t<\/div>\n\t\t\t\t<\/div>\n\t\t\t\t<div class=\"elementor-element elementor-element-56b599d elementor-widget elementor-widget-heading\" data-id=\"56b599d\" data-element_type=\"widget\" data-widget_type=\"heading.default\">\n\t\t\t\t<div class=\"elementor-widget-container\">\n\t\t\t<h5 class=\"elementor-heading-title elementor-size-default\"><h5 class=\"elementor-heading-title elementor-size-default elementor-inline-editing pen\" data-elementor-setting-key=\"title\" data-pen-placeholder=\"Digite aqui...\" style=\"font-style: normal;\">Prestamos os seguintes servi\u00e7os<\/h5><\/h5>\t\t<\/div>\n\t\t\t\t<\/div>\n\t\t\t\t<div class=\"elementor-element elementor-element-b9fe69e elementor-widget elementor-widget-text-editor\" data-id=\"b9fe69e\" data-element_type=\"widget\" data-widget_type=\"text-editor.default\">\n\t\t\t\t<div class=\"elementor-widget-container\">\n\t\t\t\t\t\t\t<ul><li>Formalismos na contrata\u00e7\u00e3o<\/li><li>Processamento de sal\u00e1rios<\/li><li>Comunica\u00e7\u00f5es \u00e0 Seguran\u00e7a Social e \u00e0 Autoridade Tribut\u00e1ria<\/li><li>Produ\u00e7\u00e3o dos relat\u00f3rios obrigat\u00f3rios<\/li><li>Gest\u00e3o da cessa\u00e7\u00e3o de contratos<\/li><li>Processamento de atividades dos Independentes<\/li><\/ul>\t\t\t\t\t\t<\/div>\n\t\t\t\t<\/div>\n\t\t\t\t\t<\/div>\n\t\t<\/div>\n\t\t\t\t<div class=\"elementor-column elementor-col-50 elementor-top-column elementor-element elementor-element-7045273\" data-id=\"7045273\" data-element_type=\"column\" data-settings=\"{&quot;background_background&quot;:&quot;classic&quot;}\">\n\t\t\t<div class=\"elementor-widget-wrap elementor-element-populated\">\n\t\t\t\t\t<div class=\"elementor-background-overlay\"><\/div>\n\t\t\t\t\t\t\t\t<div class=\"elementor-element elementor-element-8d5132b elementor-widget elementor-widget-image\" data-id=\"8d5132b\" data-element_type=\"widget\" data-widget_type=\"image.default\">\n\t\t\t\t<div class=\"elementor-widget-container\">\n\t\t\t\t\t\t\t\t\t\t\t\t\t\t\t<img loading=\"lazy\" decoding=\"async\" width=\"1280\" height=\"905\" src=\"https:\/\/ambitogestao.pt\/wp-content\/uploads\/2022\/08\/man-business-people-woman-162951.jpg\" class=\"attachment-full size-full wp-image-863\" alt=\"man, business people, woman-162951.jpg\" srcset=\"https:\/\/ambitogestao.pt\/wp-content\/uploads\/2022\/08\/man-business-people-woman-162951.jpg 1280w, https:\/\/ambitogestao.pt\/wp-content\/uploads\/2022\/08\/man-business-people-woman-162951-300x212.jpg 300w, https:\/\/ambitogestao.pt\/wp-content\/uploads\/2022\/08\/man-business-people-woman-162951-1024x724.jpg 1024w, https:\/\/ambitogestao.pt\/wp-content\/uploads\/2022\/08\/man-business-people-woman-162951-768x543.jpg 768w\" sizes=\"auto, (max-width: 1280px) 100vw, 1280px\" \/>\t\t\t\t\t\t\t\t\t\t\t\t\t\t\t<\/div>\n\t\t\t\t<\/div>\n\t\t\t\t\t<\/div>\n\t\t<\/div>\n\t\t\t\t\t\t\t<\/div>\n\t\t<\/section>\n\t\t\t\t<section class=\"elementor-section elementor-top-section elementor-element elementor-element-887b917 elementor-section-content-middle elementor-section-boxed elementor-section-height-default elementor-section-height-default\" data-id=\"887b917\" data-element_type=\"section\" data-settings=\"{&quot;background_background&quot;:&quot;classic&quot;}\">\n\t\t\t\t\t\t\t<div class=\"elementor-background-overlay\"><\/div>\n\t\t\t\t\t\t\t<div class=\"elementor-container elementor-column-gap-no\">\n\t\t\t\t\t<div class=\"elementor-column elementor-col-100 elementor-top-column elementor-element elementor-element-6fb2b62\" data-id=\"6fb2b62\" data-element_type=\"column\">\n\t\t\t<div class=\"elementor-widget-wrap elementor-element-populated\">\n\t\t\t\t\t\t\t\t<div class=\"elementor-element elementor-element-42dbdd4 elementor-widget elementor-widget-heading\" data-id=\"42dbdd4\" data-element_type=\"widget\" data-widget_type=\"heading.default\">\n\t\t\t\t<div class=\"elementor-widget-container\">\n\t\t\t<h6 class=\"elementor-heading-title elementor-size-default\">Entre em contato<\/h6>\t\t<\/div>\n\t\t\t\t<\/div>\n\t\t\t\t<div class=\"elementor-element elementor-element-6fd4f28 elementor-widget elementor-widget-heading\" data-id=\"6fd4f28\" data-element_type=\"widget\" data-widget_type=\"heading.default\">\n\t\t\t\t<div class=\"elementor-widget-container\">\n\t\t\t<h2 class=\"elementor-heading-title elementor-size-default\">Pedir mais informa\u00e7\u00f5es<\/h2>\t\t<\/div>\n\t\t\t\t<\/div>\n\t\t\t\t<div class=\"elementor-element elementor-element-9d22b56 elementor-widget elementor-widget-text-editor\" data-id=\"9d22b56\" data-element_type=\"widget\" data-widget_type=\"text-editor.default\">\n\t\t\t\t<div class=\"elementor-widget-container\">\n\t\t\t\t\t\t\t<p>Entre em contato e pe\u00e7a mais informa\u00e7\u00f5es sobre os nossos servi\u00e7os<\/p>\t\t\t\t\t\t<\/div>\n\t\t\t\t<\/div>\n\t\t\t\t<div class=\"elementor-element elementor-element-69ab853 elementor-align-center elementor-mobile-align-center elementor-widget elementor-widget-button\" data-id=\"69ab853\" data-element_type=\"widget\" data-widget_type=\"button.default\">\n\t\t\t\t<div class=\"elementor-widget-container\">\n\t\t\t\t\t<div class=\"elementor-button-wrapper\">\n\t\t\t<a href=\"https:\/\/ambitogestao.pt\/index.php\/contatos\/\" class=\"elementor-button-link elementor-button elementor-size-md\" role=\"button\">\n\t\t\t\t\t\t<span class=\"elementor-button-content-wrapper\">\n\t\t\t\t\t\t<span class=\"elementor-button-text\">Entrar em contato<\/span>\n\t\t<\/span>\n\t\t\t\t\t<\/a>\n\t\t<\/div>\n\t\t\t\t<\/div>\n\t\t\t\t<\/div>\n\t\t\t\t\t<\/div>\n\t\t<\/div>\n\t\t\t\t\t\t\t<\/div>\n\t\t<\/section>\n\t\t\t\t\t\t\t<\/div>\n\t\t","protected":false},"excerpt":{"rendered":"<p>SERVI\u00c7OS contabilidade Contabilidade &amp; Fiscalidade Transformamos a contabilidade numa ferramenta de apoio \u00e0 gest\u00e3o! Temos por objetivo transformar a obrigatoriedade de ter contabilidade organizada, numa presta\u00e7\u00e3o de servi\u00e7os de valor acrescentado, para melhorar a gest\u00e3o do seu neg\u00f3cio e comprimir com as obriga\u00e7\u00f5es fiscais. Prestamos servi\u00e7os de contabilidade a Empresas (IRC) e a Independentes (IRS), &hellip;<\/p>\n<p class=\"read-more\"> <a class=\"\" href=\"https:\/\/ambitogestao.pt\/index.php\/contabilidade\/\"> <span class=\"screen-reader-text\">Contabilidade<\/span> Read More &raquo;<\/a><\/p>\n","protected":false},"author":1,"featured_media":0,"parent":0,"menu_order":0,"comment_status":"closed","ping_status":"closed","template":"","meta":{"site-sidebar-layout":"default","site-content-layout":"page-builder","ast-global-header-display":"","ast-main-header-display":"","ast-hfb-above-header-display":"","ast-hfb-below-header-display":"","ast-hfb-mobile-header-display":"","site-post-title":"disabled","ast-breadcrumbs-content":"","ast-featured-img":"disabled","footer-sml-layout":"","theme-transparent-header-meta":"enabled","adv-header-id-meta":"","stick-header-meta":"","header-above-stick-meta":"","header-main-stick-meta":"","header-below-stick-meta":"","footnotes":""},"class_list":["post-129","page","type-page","status-publish","hentry"],"_links":{"self":[{"href":"https:\/\/ambitogestao.pt\/index.php\/wp-json\/wp\/v2\/pages\/129","targetHints":{"allow":["GET"]}}],"collection":[{"href":"https:\/\/ambitogestao.pt\/index.php\/wp-json\/wp\/v2\/pages"}],"about":[{"href":"https:\/\/ambitogestao.pt\/index.php\/wp-json\/wp\/v2\/types\/page"}],"author":[{"embeddable":true,"href":"https:\/\/ambitogestao.pt\/index.php\/wp-json\/wp\/v2\/users\/1"}],"replies":[{"embeddable":true,"href":"https:\/\/ambitogestao.pt\/index.php\/wp-json\/wp\/v2\/comments?post=129"}],"version-history":[{"count":47,"href":"https:\/\/ambitogestao.pt\/index.php\/wp-json\/wp\/v2\/pages\/129\/revisions"}],"predecessor-version":[{"id":953,"href":"https:\/\/ambitogestao.pt\/index.php\/wp-json\/wp\/v2\/pages\/129\/revisions\/953"}],"wp:attachment":[{"href":"https:\/\/ambitogestao.pt\/index.php\/wp-json\/wp\/v2\/media?parent=129"}],"curies":[{"name":"wp","href":"https:\/\/api.w.org\/{rel}","templated":true}]}}